 147*q + 4408. Calculate w(25).
108
Let m(g) = 233*g + 1404. Determine m(-5).
239
Let u(n) = -n**3 + 146*n**2 + 1534*n + 200. Determine u(156).
-3856
Let s(b) = b**3 + 18*b**2 + 658*b + 6298. What is s(-11)?
-93
Let c(n) = 162*n**2 + 2842*n - 7. Determine c(-19).
4477
Let d(p) = -2*p**3 + 220*p**2 + 1354*p - 171342. Calculate d(109).
6
Let l(h) = -10955*h - 87650. Calculate l(-8).
-10
Let r(o) = 5*o**3 - 29*o**2 + 714*o - 3574. What is r(5)?
-104
Let z(h) = -h**2 - 3*h + 1164. Calculate z(31).
110
Let b(z) = -80*z + 30. Give b(2).
-130
Let o(t) = -t**3 + 106*t**2 + 630*t + 324. Determine o(-5).
-51
Let t(o) = -o**2 + 90924*o + 5914278. Calculate t(-65).
-7
Let d(r) = -r**3 + 136*r**2 - 4090*r + 168479. Calculate d(113).
-4
Let y(b) = -80803*b - 323243. What is y(-4)?
-31
Let u(x) = 777*x + 144300. What is u(-185)?
555
Let c(y) = -2091*y - 52245. What is c(-25)?
30
Let b(q) = q**3 - 40*q**2 + 290*q - 611. Determine b(5).
-36
Let d(c) = -c**2 + 293*c - 19529. Give d(103).
41
Let r(j) = -12*j**2 - 555*j - 6388. Calculate r(-24).
20
Let g(x) = -1521*x**2 + 7344*x + 1300. Calculate g(5).
-5
Let g(r) = 2*r**3 + 381*r**2 + 3078*r - 2969. What is g(-182)?
-57
Let o(k) = 1484*k - 6130. Give o(4).
-194
Let h(v) = 24891*v - 348536. Determine h(14).
-62
Let g(m) = 3594*m**3 - 3*m**2 + 2037*m - 2035. Determine g(1).
3593
Let c(u) = -270*u - 38550. Determine c(-140).
-750
Let c(p) = 29*p**2 - 170*p + 154. Calculate c(4).
-62
Let m(q) = -11*q**2 - 7348*q + 52. Give m(-668).
52
Let n(r) = 144*r**3 - 577*r**2 + 18*r - 28. Determine n(4).
28
Let k(i) = 13027*i + 26005. What is k(-2)?
-49
Let b(z) = z**2 + 28*z - 2104. Calculate b(-32).
-1976
Let a(s) = -3454*s + 131186. What is a(38)?
-66
Let q(k) = k**3 + 9*k**2 - 344*k + 1460. What is q(7)?
-164
Let s(z) = 6*z**2 + 1608*z - 6518. What is s(-272)?
10
Let g(q) = 23*q**3 - 87*q**2 - 13*q + 79. Calculate g(4).
107
Let j(l) = 5922*l + 4. Give j(0).
4
Let z(j) = 2*j**2 + 540*j - 536004. Calculate z(400).
-4
Let u(s) = 2*s**2 + 136*s - 1102. What is u(-38)?
-3382
Let m(a) = 119*a**2 - 78*a - 219. Give m(-3).
1086
Let c(l) = -l**3 + 57*l**2 + 1107*l - 62993. What is c(57)?
106
Let u(c) = -33*c + 771. Give u(25).
-54
Let v(z) = z**2 + 131*z + 2601. Give v(-26).
-129
Let f(n) = 87525*n - 700206. Determine f(8).
-6
Let t(u) = 506*u + 261. What is t(1)?
767
Let z(b) = -637*b + 2392. Determine z(5).
-793
Let a(p) = -1093*p + 20818. Calculate a(19).
51
Let a(h) = -1213*h + 13157. Give a(12).
-1399
Let j(l) = -46*l**3 - 82*l**2 - 221*l + 304. Give j(1).
-45
Let n(u) = -1814*u**2 - 2962*u + 2962. Give n(1).
-1814
Let q(a) = a**3 - 47*a**2 + 136*a - 50. Determine q(44).
126
Let q(h) = -h**3 - 278*h**2 + 1094*h + 7. Give q(4).
-129
Let p(n) = -25*n**2 - 1667*n + 917. Determine p(-67).
381
Let m(r) = -373*r + 5315. Determine m(21).
-2518
Let q(a) = -3*a**2 - 764*a - 48587. What is q(-121)?
-66
Let f(v) = -4368*v - 659576. What is f(-151)?
-8
Let w(i) = 1193*i - 57147. Calculate w(49).
1310
Let v(t) = -2*t**2 - 32462*t + 64930. Determine v(2).
-2
Let g(n) = -3170*n - 795674. What is g(-251)?
-4
Let n(v) = 219*v + 5180. Calculate n(-15).
1895
Let j(z) = 184*z**2 - 1124*z + 43. Give j(6).
-77
Let p(s) = -s**3 - 73*s**2 + 1301*s + 7308. Determine p(-87).
87
Let q(m) = 40*m**3 + 1480*m**2 + 47*m + 1732. Determine q(-37).
-7
Let a(i) = -i**3 - 224*i**2 + 233*i + 1803. Determine a(-225).
3
Let g(x) = 81*x**2 - 19*x + 6. Calculate g(-2).
368
Let x(u) = 223*u**2 + 104*u - 32. Determine x(-2).
652
Let w(u) = 4963*u**2 + 54677*u - 26. What is w(-11)?
-950
Let n(f) = 2*f**2 - 112*f - 46733. Give n(-130).
1627
Let k(u) = -57*u - 2783. Give k(-52).
181
Let y(h) = h**3 - 2*h**2 - 45*h + 13. Determine y(-7).
-113
Let j(r) = -8*r**2 + 71*r - 22. Calculate j(2).
88
Let l(x) = x**2 - 863*x + 3441. Give l(4).
5
Let n(q) = 733*q**2 + 5156*q - 16. What is n(-7)?
-191
Let b(a) = -55086*a + 31343924. Give b(569).
-10
Let s(c) = -5815*c + 64143. What is s(11)?
178
Let a(r) = 1299*r - 74. Give a(1).
1225
Let p(y) = -2547*y + 38199. Calculate p(15).
-6
Let g(v) = -v**3 + 390*v - 2722. Calculate g(14).
-6
Let y(b) = 33*b - 96. Determine y(-1).
-129
Let j(r) = 5*r**2 - 1403*r - 13035. What is j(-9)?
-3
Let t(b) = -4*b**3 - 67*b**2 - 252*b + 13. Give t(-4).
205
Let r(y) = 613*y - 3179. Give r(9).
2338
Let q(c) = -c**3 + 2*c**2 - 108*c + 386. Calculate q(3).
53
Let t(h) = 2218*h + 1707865. What is t(-770)?
5
Let g(j) = -4*j**3 - 165*j**2 + 269*j + 6220. Determine g(-42).
214
Let w(b) = -660*b + 14298. Calculate w(21).
438
Let d(g) = 115030*g - 460123. Determine d(4).
-3
Let z(y) = 258727*y + 1293644. Determine z(-5).
9
Let u(z) = -2*z**3 - 199*z**2 - 2012*z + 1085. Determine u(-88).
29
Let j(y) = y**3 - 13*y**2 - 143*y + 11. Calculate j(-9).
-484
Let j(h) = 126*h**2 + 5402*h - 91. What is j(-43)?
597
Let r(g) = 39*g**2 - 1361*g - 83. Calculate r(35).
57
Let j(q) = -q**3 + 1601*q**2 - 5050*q + 409096. Give j(1598).
8
Let v(m) = 3*m**3 + 150*m**2 - 13*m - 71. Give v(-50).
579
Let o(k) = -k**3 + 91*k**2 - 275*k + 923. Give o(88).
-45
Let t(n) = 31030*n + 6205978. Determine t(-200).
-22
Let z(p) = -5307*p - 42919. What is z(-8)?
-463
Let s(u) = -3*u**2 - 948*u - 67385. Calculate s(-108).
7
Let p(z) = 27*z**3 - 1026*z**2 + 3*z - 45. What is p(38)?
69
Let q(f) = -42*f**2 - 409*f - 78. Give q(-10).
-188
Let u(t) = t**3 - 45*t**2 - 32*t - 469. What is u(46)?
175
Let u(b) = b**3 + 27*b**2 - 372*b - 1492. Calculate u(-36).
236
Let n(i) = -42083*i + 19821087. What is n(471)?
-6
Let y(l) = 428*l + 3172. What is y(-6)?
604
Let d(l) = 525*l**2 + 20395*l + 7. What is d(-39)?
3127
Let f(t) = 6247*t + 89793. What is f(-14)?
2335
Let h(x) = x**3 + 78*x**2 - 44*x + 15854. Give h(-81).
-265
Let w(f) = f**3 - 512*f**2 + 13506*f + 86. Give w(28).
-1202
Let w(g) = -11*g**3 + 1959*g**2 - 360*g + 32389. Determine w(178).
-7
Let z(j) = -12005*j + 24329. Give z(2).
319
Let o(g) = -2*g**3 + 3*g**2 - 316*g + 2010. What is o(7)?
-741
Let o(a) = -a**3 + 1620*a + 16283. Calculate o(-10).
1083
Let n(g) = -849*g - 213919. Calculate n(-252).
29
Let d(i) = 81*i**2 - 680*i + 1372. What is d(5)?
-3
Let m(y) = -y**2 + 47123*y - 847909. Determine m(18).
-19
Let f(g) = 7451*g + 1497655. Give f(-201).
4
Let u(c) = -13*c**2 - 297*c + 3313. Give u(10).
-957
Let a(l) = -39*l**2 - 1149*l - 6853. Give a(-21).
77
Let r(z) = -2*z**3 - 13113*z**2 + 65626*z - 23. Determine r(5).
32
Let u(y) = -57*y**3 + 143*y**2 + 165*y + 26. Calculate u(-1).
61
Let q(x) = -2*x**2 - 399*x + 21682. Determine q(-245).
-613
Let z(q) = 9*q**2 - 695*q - 16686. What is z(96)?
-462
Let q(d) = 55*d + 2090. What is q(-41)?
-165
Let p(a) = 19246*a - 4907720. What is p(255)?
10
Let i(c) = 37*c**3 + 2298*c**2 + 163*c - 5240. Give i(-62).
30
Let c(q) = -829*q - 276028. Determine c(-333).
29
Let y(b) = 11*b - 758. What is y(70)?
12
Let u(c) = -c**3 - 9*c**2 - 2*c + 119. Determine u(-11).
383
Let o(a) = a**3 - 1553*a + 9285. Calculate o(6).
183
Let t(v) = -9*v**3 + 324*v**2 - 25*v + 827. What is t(36)?
-73
Let c(l) = 875*l**2 + 427876*l + 495. Determine c(-489).
6
Let f(r) = 18*r**3 + 2936*r**2 + 243*r - 13526. Determine f(-163).
3
Let f(r) = r**3 + r**2 - 3103*r + 12705. Give f(53).
-68
Let h(v) = -375473*v**2 + 375471*v - 2. Calculate h(1).
-4
Let l(t) = 15*t**3 - 6*t**2 - 24*t + 61. What is l(5)?
1666
Let b(o) = -5*o**2 + 3175*o + 35339. Calculate b(-11).
-191
Let a(j) = 9*j**2 + 1301*j + 28236. Calculate a(-118).
34
Let v(t) = 6*t**3 - 148*t**2 - 110*t - 21. Give v(26).
2527
Let p(w) = 6032*w - 150758. Calculate p(25).
42
Let i(x) = -865*x - 10458. What is i(-12)?
-78
Let r(c) = -3*c**3 + 494*c**2 + 219*c - 8891. What is r(165)?
19
Let b(j) = j**3 - 54*j**2 + 275*j - 559. Determine b(49).
911
Let r(h) = 897*h + 264. Determine r(-2).
-1530
Let s(x) = -x**3 - 94*x**2 - 125*x + 4893. Give s(-92).
-535
Let u(m) = 142*m**2 - 646*m - 203. Calculate u(5).
117
Let a(b) = 2360784*b + 47215678. Calculate a(-20).
-2
Let w(m) = m**3 - 6*m**2 - 252*m + 766. Calculate w(3).
-17
Let j(x) = -1368*x - 57476. Determine j(-42).
-20
Let c(r) = -r**2 - 604*r + 25437. Determine c(39).
360
Let m(d) = 40*d - 5389. What is m(132)?
-109
Let u(w) = 10174*w + 1088674. Calculate u(-107).
56
Let l(z) = 4925*z + 78739. Determine l(-16).
-61
Let a(u) = 6*u**3 + 